{"id":164,"date":"2023-05-04T14:04:18","date_gmt":"2023-05-04T12:04:18","guid":{"rendered":"http:\/\/mysorestyleparis.com\/?page_id=164"},"modified":"2025-06-16T15:56:13","modified_gmt":"2025-06-16T13:56:13","slug":"blessure","status":"publish","type":"page","link":"https:\/\/ashtangayogaparis.com\/index.php\/blessure\/","title":{"rendered":"Blessure"},"content":{"rendered":"\n<div class=\"wp-block-cover alignfull is-light\" style=\"padding-top:4vw;padding-right:4vw;padding-bottom:4vw;padding-left:4vw;min-height:66vh;aspect-ratio:unset;\"><img loading=\"lazy\" decoding=\"async\" width=\"1500\" height=\"1000\" class=\"wp-block-cover__image-background wp-image-781\" alt=\"Kurmasana ashtanga paris\" src=\"http:\/\/ashtangayogaparis.com\/wp-content\/uploads\/2024\/06\/DSC3982.jpg\" style=\"object-position:54% 30%\" data-object-fit=\"cover\" data-object-position=\"54% 30%\" srcset=\"https:\/\/ashtangayogaparis.com\/wp-content\/uploads\/2024\/06\/DSC3982.jpg 1500w, https:\/\/ashtangayogaparis.com\/wp-content\/uploads\/2024\/06\/DSC3982-300x200.jpg 300w, https:\/\/ashtangayogaparis.com\/wp-content\/uploads\/2024\/06\/DSC3982-1024x683.jpg 1024w, https:\/\/ashtangayogaparis.com\/wp-content\/uploads\/2024\/06\/DSC3982-768x512.jpg 768w\" sizes=\"auto, (max-width: 1500px) 100vw, 1500px\" \/><span aria-hidden=\"true\" class=\"wp-block-cover__background has-black-background-color has-background-dim-10 has-background-dim\"><\/span><div class=\"wp-block-cover__inner-container is-layout-flow wp-block-cover-is-layout-flow\">\n<p class=\"has-text-align-center has-large-font-size\"><\/p>\n<\/div><\/div>\n\n\n\n<p class=\"has-text-color\" style=\"color:#bfab72\">J&#8217;ai une blessure, puis-je quand m\u00eame rejoindre les cours ?<\/p>\n\n\n\n<figure class=\"wp-block-image size-large is-resized\"><img loading=\"lazy\" decoding=\"async\" width=\"1024\" height=\"1006\" src=\"http:\/\/mysorestyleparis.com\/wp-content\/uploads\/2023\/05\/Capture-decran-2023-05-04-a-15.07.58-1024x1006.jpg\" alt=\"blessure ashtanga paris\" class=\"wp-image-186\" style=\"width:534px;height:524px\" srcset=\"https:\/\/ashtangayogaparis.com\/wp-content\/uploads\/2023\/05\/Capture-decran-2023-05-04-a-15.07.58-1024x1006.jpg 1024w, https:\/\/ashtangayogaparis.com\/wp-content\/uploads\/2023\/05\/Capture-decran-2023-05-04-a-15.07.58-300x295.jpg 300w, https:\/\/ashtangayogaparis.com\/wp-content\/uploads\/2023\/05\/Capture-decran-2023-05-04-a-15.07.58-768x754.jpg 768w, https:\/\/ashtangayogaparis.com\/wp-content\/uploads\/2023\/05\/Capture-decran-2023-05-04-a-15.07.58.jpg 1218w\" sizes=\"auto, (max-width: 1024px) 100vw, 1024px\" \/><\/figure>\n\n\n\n<p class=\"has-text-color\" style=\"color:#6f655f\">Oui, bien s\u00fbr !<\/p>\n\n\n\n<p class=\"has-text-color\" style=\"color:#6f655f\">Il est regrettable que vous ayez une blessure si elle est due \u00e0 la pratique ou \u00e0 un enseignant qui vous \u00e0 fait faire une posture avant que vous ne soyez pr\u00eat. Concentrons sur la qualit\u00e9, pas sur le nombre de poses que vous pouvez effectuer ou sur la s\u00e9rie sur laquelle vous \u00eates, mais sur les aspects essentiels de la pratique et ses qualit\u00e9s m\u00e9ditatives, recherchons une posture \u00ab&nbsp;\u00e9nergique&nbsp;\u00bb et appropri\u00e9e.<\/p>\n\n\n\n<p class=\"has-text-color\" style=\"color:#6f655f\">La s\u00e9rie primaire d\u2019Ashtanga est con\u00e7ue pour gu\u00e9rir le corps et l\u2019esprit si elle est utilis\u00e9e correctement. Elle peut aussi causer des blessures graves si elle est mal r\u00e9alis\u00e9e ou abord\u00e9e trop rapidement.<\/p>\n\n\n\n<p class=\"has-text-color\" style=\"color:#6f655f\">C\u2019est pourquoi vous devez rencontrer un professeur qualifi\u00e9 de cette m\u00e9thode pour vous guider. M\u00eame si vous \u00eates \u00ab&nbsp;avanc\u00e9&nbsp;\u00bb, il y a toujours un espace pour ce d\u00e9velopper.<\/p>\n\n\n\n<p class=\"has-text-color has-link-color wp-elements-1d9c9a79a1f66990034e58d0ed97bbea\" style=\"color:#6f655f\"><a href=\"https:\/\/ashtangayogaparis.com\/index.php\/ashtanga-cycle-menstruel-feminin\/\">Pratique &amp; cycle menstruel f\u00e9minin ?<\/a><\/p>\n\n\n\n<p class=\"has-text-color has-link-color wp-elements-b6d7801fb49f06225b427a97553f0315\" style=\"color:#6f655f\"><a href=\"https:\/\/www.cyrillagelyoga.com\" target=\"_blank\" rel=\"noreferrer noopener\">Cyril Lagel<\/a> &amp; <a href=\"https:\/\/www.tranbuiyoga.com\" target=\"_blank\" rel=\"noreferrer noopener\">Tran Bui<\/a><\/p>\n","protected":false},"excerpt":{"rendered":"<p>J&#8217;ai une blessure, puis-je quand m\u00eame rejoindre les cours ? Oui, bien s\u00fbr ! Il est regrettable que vous ayez une blessure si elle est due \u00e0 la pratique ou \u00e0 un enseignant qui vous \u00e0 fait faire une posture avant que vous ne soyez pr\u00eat. Concentrons sur la qualit\u00e9, pas sur le nombre de&hellip; <a class=\"more-link\" href=\"https:\/\/ashtangayogaparis.com\/index.php\/blessure\/\">Continue reading <span class=\"screen-reader-text\">Blessure<\/span><\/a><\/p>\n","protected":false},"author":1,"featured_media":0,"parent":0,"menu_order":0,"comment_status":"closed","ping_status":"closed","template":"","meta":{"footnotes":""},"class_list":["post-164","page","type-page","status-publish","hentry","entry"],"yoast_head":"<!-- This site is optimized with the Yoast SEO plugin v27.0 - https:\/\/yoast.com\/product\/yoast-seo-wordpress\/ -->\n<title>Blessure - Ashtanga Yoga Paris | Ashtanga Yoga | KPJAYI SYC authorized<\/title>\n<meta name=\"description\" content=\"J&#039;ai une blessure, puis-je quand m\u00eame rejoindre les cours ? Oui, bien s\u00fbr ! ne faite pas une posture avant que vous ne soyez pr\u00eat.\" \/>\n<meta name=\"robots\" content=\"index, follow, max-snippet:-1, max-image-preview:large, max-video-preview:-1\" \/>\n<link rel=\"canonical\" href=\"https:\/\/ashtangayogaparis.com\/index.php\/blessure\/\" \/>\n<meta property=\"og:locale\" content=\"en_US\" \/>\n<meta property=\"og:type\" content=\"article\" \/>\n<meta property=\"og:title\" content=\"Blessure - Ashtanga Yoga Paris | Ashtanga Yoga | KPJAYI SYC authorized\" \/>\n<meta property=\"og:description\" content=\"J&#039;ai une blessure, puis-je quand m\u00eame rejoindre les cours ? Oui, bien s\u00fbr ! ne faite pas une posture avant que vous ne soyez pr\u00eat.\" \/>\n<meta property=\"og:url\" content=\"https:\/\/ashtangayogaparis.com\/index.php\/blessure\/\" \/>\n<meta property=\"og:site_name\" content=\"Ashtanga Yoga Paris | Ashtanga Yoga | KPJAYI SYC authorized\" \/>\n<meta property=\"article:publisher\" content=\"https:\/\/www.facebook.com\/cyril.lagel\/\" \/>\n<meta property=\"article:modified_time\" content=\"2025-06-16T13:56:13+00:00\" \/>\n<meta property=\"og:image\" content=\"http:\/\/ashtangayogaparis.com\/wp-content\/uploads\/2024\/06\/DSC3982.jpg\" \/>\n<meta name=\"twitter:card\" content=\"summary_large_image\" \/>\n<meta name=\"twitter:label1\" content=\"Est. reading time\" \/>\n\t<meta name=\"twitter:data1\" content=\"2 minutes\" \/>\n<script type=\"application\/ld+json\" class=\"yoast-schema-graph\">{\"@context\":\"https:\/\/schema.org\",\"@graph\":[{\"@type\":\"WebPage\",\"@id\":\"https:\/\/ashtangayogaparis.com\/index.php\/blessure\/\",\"url\":\"https:\/\/ashtangayogaparis.com\/index.php\/blessure\/\",\"name\":\"Blessure - Ashtanga Yoga Paris | Ashtanga Yoga | KPJAYI SYC authorized\",\"isPartOf\":{\"@id\":\"https:\/\/ashtangayogaparis.com\/#website\"},\"primaryImageOfPage\":{\"@id\":\"https:\/\/ashtangayogaparis.com\/index.php\/blessure\/#primaryimage\"},\"image\":{\"@id\":\"https:\/\/ashtangayogaparis.com\/index.php\/blessure\/#primaryimage\"},\"thumbnailUrl\":\"http:\/\/ashtangayogaparis.com\/wp-content\/uploads\/2024\/06\/DSC3982.jpg\",\"datePublished\":\"2023-05-04T12:04:18+00:00\",\"dateModified\":\"2025-06-16T13:56:13+00:00\",\"description\":\"J'ai une blessure, puis-je quand m\u00eame rejoindre les cours ? Oui, bien s\u00fbr ! ne faite pas une posture avant que vous ne soyez pr\u00eat.\",\"breadcrumb\":{\"@id\":\"https:\/\/ashtangayogaparis.com\/index.php\/blessure\/#breadcrumb\"},\"inLanguage\":\"en-US\",\"potentialAction\":[{\"@type\":\"ReadAction\",\"target\":[\"https:\/\/ashtangayogaparis.com\/index.php\/blessure\/\"]}]},{\"@type\":\"ImageObject\",\"inLanguage\":\"en-US\",\"@id\":\"https:\/\/ashtangayogaparis.com\/index.php\/blessure\/#primaryimage\",\"url\":\"https:\/\/ashtangayogaparis.com\/wp-content\/uploads\/2024\/06\/DSC3982.jpg\",\"contentUrl\":\"https:\/\/ashtangayogaparis.com\/wp-content\/uploads\/2024\/06\/DSC3982.jpg\",\"width\":1500,\"height\":1000},{\"@type\":\"BreadcrumbList\",\"@id\":\"https:\/\/ashtangayogaparis.com\/index.php\/blessure\/#breadcrumb\",\"itemListElement\":[{\"@type\":\"ListItem\",\"position\":1,\"name\":\"Accueil\",\"item\":\"https:\/\/ashtangayogaparis.com\/\"},{\"@type\":\"ListItem\",\"position\":2,\"name\":\"Blessure\"}]},{\"@type\":\"WebSite\",\"@id\":\"https:\/\/ashtangayogaparis.com\/#website\",\"url\":\"https:\/\/ashtangayogaparis.com\/\",\"name\":\"Ashtanga Yoga Paris | Ashtanga Yoga | KPJAYI SYC authorized\",\"description\":\"Yoga Shala, Ashtanga Yoga  par Cyril Lagel professeur autoris\u00e9 KPJAYI &amp; Tran Bui SYC \",\"publisher\":{\"@id\":\"https:\/\/ashtangayogaparis.com\/#organization\"},\"potentialAction\":[{\"@type\":\"SearchAction\",\"target\":{\"@type\":\"EntryPoint\",\"urlTemplate\":\"https:\/\/ashtangayogaparis.com\/?s={search_term_string}\"},\"query-input\":{\"@type\":\"PropertyValueSpecification\",\"valueRequired\":true,\"valueName\":\"search_term_string\"}}],\"inLanguage\":\"en-US\"},{\"@type\":\"Organization\",\"@id\":\"https:\/\/ashtangayogaparis.com\/#organization\",\"name\":\"Ashtanga Yoga Paris | Ashtanga Yoga | KPJAYI SYC authorized\",\"url\":\"https:\/\/ashtangayogaparis.com\/\",\"logo\":{\"@type\":\"ImageObject\",\"inLanguage\":\"en-US\",\"@id\":\"https:\/\/ashtangayogaparis.com\/#\/schema\/logo\/image\/\",\"url\":\"https:\/\/ashtangayogaparis.com\/wp-content\/uploads\/2025\/06\/cropped-logo-ashtanga-yoga-paris-1.png\",\"contentUrl\":\"https:\/\/ashtangayogaparis.com\/wp-content\/uploads\/2025\/06\/cropped-logo-ashtanga-yoga-paris-1.png\",\"width\":2414,\"height\":1089,\"caption\":\"Ashtanga Yoga Paris | Ashtanga Yoga | KPJAYI SYC authorized\"},\"image\":{\"@id\":\"https:\/\/ashtangayogaparis.com\/#\/schema\/logo\/image\/\"},\"sameAs\":[\"https:\/\/www.facebook.com\/cyril.lagel\/\",\"https:\/\/www.instagram.com\/cyrillagel\"]}]}<\/script>\n<!-- \/ Yoast SEO plugin. -->","yoast_head_json":{"title":"Blessure - Ashtanga Yoga Paris | Ashtanga Yoga | KPJAYI SYC authorized","description":"J'ai une blessure, puis-je quand m\u00eame rejoindre les cours ? Oui, bien s\u00fbr ! ne faite pas une posture avant que vous ne soyez pr\u00eat.","robots":{"index":"index","follow":"follow","max-snippet":"max-snippet:-1","max-image-preview":"max-image-preview:large","max-video-preview":"max-video-preview:-1"},"canonical":"https:\/\/ashtangayogaparis.com\/index.php\/blessure\/","og_locale":"en_US","og_type":"article","og_title":"Blessure - Ashtanga Yoga Paris | Ashtanga Yoga | KPJAYI SYC authorized","og_description":"J'ai une blessure, puis-je quand m\u00eame rejoindre les cours ? Oui, bien s\u00fbr ! ne faite pas une posture avant que vous ne soyez pr\u00eat.","og_url":"https:\/\/ashtangayogaparis.com\/index.php\/blessure\/","og_site_name":"Ashtanga Yoga Paris | Ashtanga Yoga | KPJAYI SYC authorized","article_publisher":"https:\/\/www.facebook.com\/cyril.lagel\/","article_modified_time":"2025-06-16T13:56:13+00:00","og_image":[{"url":"http:\/\/ashtangayogaparis.com\/wp-content\/uploads\/2024\/06\/DSC3982.jpg","type":"","width":"","height":""}],"twitter_card":"summary_large_image","twitter_misc":{"Est. reading time":"2 minutes"},"schema":{"@context":"https:\/\/schema.org","@graph":[{"@type":"WebPage","@id":"https:\/\/ashtangayogaparis.com\/index.php\/blessure\/","url":"https:\/\/ashtangayogaparis.com\/index.php\/blessure\/","name":"Blessure - Ashtanga Yoga Paris | Ashtanga Yoga | KPJAYI SYC authorized","isPartOf":{"@id":"https:\/\/ashtangayogaparis.com\/#website"},"primaryImageOfPage":{"@id":"https:\/\/ashtangayogaparis.com\/index.php\/blessure\/#primaryimage"},"image":{"@id":"https:\/\/ashtangayogaparis.com\/index.php\/blessure\/#primaryimage"},"thumbnailUrl":"http:\/\/ashtangayogaparis.com\/wp-content\/uploads\/2024\/06\/DSC3982.jpg","datePublished":"2023-05-04T12:04:18+00:00","dateModified":"2025-06-16T13:56:13+00:00","description":"J'ai une blessure, puis-je quand m\u00eame rejoindre les cours ? Oui, bien s\u00fbr ! ne faite pas une posture avant que vous ne soyez pr\u00eat.","breadcrumb":{"@id":"https:\/\/ashtangayogaparis.com\/index.php\/blessure\/#breadcrumb"},"inLanguage":"en-US","potentialAction":[{"@type":"ReadAction","target":["https:\/\/ashtangayogaparis.com\/index.php\/blessure\/"]}]},{"@type":"ImageObject","inLanguage":"en-US","@id":"https:\/\/ashtangayogaparis.com\/index.php\/blessure\/#primaryimage","url":"https:\/\/ashtangayogaparis.com\/wp-content\/uploads\/2024\/06\/DSC3982.jpg","contentUrl":"https:\/\/ashtangayogaparis.com\/wp-content\/uploads\/2024\/06\/DSC3982.jpg","width":1500,"height":1000},{"@type":"BreadcrumbList","@id":"https:\/\/ashtangayogaparis.com\/index.php\/blessure\/#breadcrumb","itemListElement":[{"@type":"ListItem","position":1,"name":"Accueil","item":"https:\/\/ashtangayogaparis.com\/"},{"@type":"ListItem","position":2,"name":"Blessure"}]},{"@type":"WebSite","@id":"https:\/\/ashtangayogaparis.com\/#website","url":"https:\/\/ashtangayogaparis.com\/","name":"Ashtanga Yoga Paris | Ashtanga Yoga | KPJAYI SYC authorized","description":"Yoga Shala, Ashtanga Yoga  par Cyril Lagel professeur autoris\u00e9 KPJAYI &amp; Tran Bui SYC ","publisher":{"@id":"https:\/\/ashtangayogaparis.com\/#organization"},"potentialAction":[{"@type":"SearchAction","target":{"@type":"EntryPoint","urlTemplate":"https:\/\/ashtangayogaparis.com\/?s={search_term_string}"},"query-input":{"@type":"PropertyValueSpecification","valueRequired":true,"valueName":"search_term_string"}}],"inLanguage":"en-US"},{"@type":"Organization","@id":"https:\/\/ashtangayogaparis.com\/#organization","name":"Ashtanga Yoga Paris | Ashtanga Yoga | KPJAYI SYC authorized","url":"https:\/\/ashtangayogaparis.com\/","logo":{"@type":"ImageObject","inLanguage":"en-US","@id":"https:\/\/ashtangayogaparis.com\/#\/schema\/logo\/image\/","url":"https:\/\/ashtangayogaparis.com\/wp-content\/uploads\/2025\/06\/cropped-logo-ashtanga-yoga-paris-1.png","contentUrl":"https:\/\/ashtangayogaparis.com\/wp-content\/uploads\/2025\/06\/cropped-logo-ashtanga-yoga-paris-1.png","width":2414,"height":1089,"caption":"Ashtanga Yoga Paris | Ashtanga Yoga | KPJAYI SYC authorized"},"image":{"@id":"https:\/\/ashtangayogaparis.com\/#\/schema\/logo\/image\/"},"sameAs":["https:\/\/www.facebook.com\/cyril.lagel\/","https:\/\/www.instagram.com\/cyrillagel"]}]}},"_links":{"self":[{"href":"https:\/\/ashtangayogaparis.com\/index.php\/wp-json\/wp\/v2\/pages\/164","targetHints":{"allow":["GET"]}}],"collection":[{"href":"https:\/\/ashtangayogaparis.com\/index.php\/wp-json\/wp\/v2\/pages"}],"about":[{"href":"https:\/\/ashtangayogaparis.com\/index.php\/wp-json\/wp\/v2\/types\/page"}],"author":[{"embeddable":true,"href":"https:\/\/ashtangayogaparis.com\/index.php\/wp-json\/wp\/v2\/users\/1"}],"replies":[{"embeddable":true,"href":"https:\/\/ashtangayogaparis.com\/index.php\/wp-json\/wp\/v2\/comments?post=164"}],"version-history":[{"count":2,"href":"https:\/\/ashtangayogaparis.com\/index.php\/wp-json\/wp\/v2\/pages\/164\/revisions"}],"predecessor-version":[{"id":1056,"href":"https:\/\/ashtangayogaparis.com\/index.php\/wp-json\/wp\/v2\/pages\/164\/revisions\/1056"}],"wp:attachment":[{"href":"https:\/\/ashtangayogaparis.com\/index.php\/wp-json\/wp\/v2\/media?parent=164"}],"curies":[{"name":"wp","href":"https:\/\/api.w.org\/{rel}","templated":true}]}}