{"id":179,"date":"2023-05-04T15:03:55","date_gmt":"2023-05-04T13:03:55","guid":{"rendered":"http:\/\/mysorestyleparis.com\/?page_id=179"},"modified":"2025-06-16T17:56:28","modified_gmt":"2025-06-16T15:56:28","slug":"moon-days","status":"publish","type":"page","link":"https:\/\/ashtangayogaparis.com\/index.php\/moon-days\/","title":{"rendered":"Moon days Ashtanga"},"content":{"rendered":"\n<div class=\"wp-block-cover alignfull is-light\" style=\"padding-top:4vw;padding-right:4vw;padding-bottom:4vw;padding-left:4vw;min-height:66vh;aspect-ratio:unset;\"><img loading=\"lazy\" decoding=\"async\" width=\"667\" height=\"1000\" class=\"wp-block-cover__image-background wp-image-740\" alt=\"moon days ashtanga mysore\" src=\"http:\/\/ashtangayogaparis.com\/wp-content\/uploads\/2024\/06\/DSC3606.jpg\" style=\"object-position:22% 65%\" data-object-fit=\"cover\" data-object-position=\"22% 65%\" srcset=\"https:\/\/ashtangayogaparis.com\/wp-content\/uploads\/2024\/06\/DSC3606.jpg 667w, https:\/\/ashtangayogaparis.com\/wp-content\/uploads\/2024\/06\/DSC3606-200x300.jpg 200w\" sizes=\"auto, (max-width: 667px) 100vw, 667px\" \/><span aria-hidden=\"true\" class=\"wp-block-cover__background has-black-background-color has-background-dim-10 has-background-dim\"><\/span><div class=\"wp-block-cover__inner-container is-layout-flow wp-block-cover-is-layout-flow\">\n<p class=\"has-text-align-center has-large-font-size\"><\/p>\n<\/div><\/div>\n\n\n\n<p class=\"has-text-align-center has-text-color\" style=\"color:#bfab72\"><\/p>\n\n\n\n<p class=\"has-text-color\" style=\"color:#6f655f\">Les jours de pleine lune et nouvelle lune sont aussi consid\u00e9r\u00e9s comme des jours de repos. Cela peut para\u00eetre surprenant mais l\u2019explication est relativement simple. Les \u00eatres humains sont constitu\u00e9s d\u2019environ 70 % d\u2019eau, ainsi comme toutes les choses de nature aqueuse, nous sommes affect\u00e9\u00b7e\u00b7s par les phases de la Lune qui sont d\u00e9termin\u00e9es par la position relative de la lune par rapport au soleil.<\/p>\n\n\n\n<p class=\"has-text-color\" style=\"color:#6f655f\">Les lunes pleines se produisent lorsqu\u2019elles sont en opposition avec le soleil et les nouvelles lunes quand elles sont en conjonction. Ces deux astres exercent une force gravitationnelle sur la terre et cr\u00e9ent diff\u00e9rentes exp\u00e9riences \u00e9nerg\u00e9tiques qui peuvent \u00eatre compar\u00e9es au cycle de la respiration.<\/p>\n\n\n\n<p class=\"has-text-color\" style=\"color:#6f655f\">L\u2019\u00e9nergie de la pleine lune peut correspondre \u00e0 la fin de l\u2019inspiration lorsque la force du&nbsp;prana&nbsp;est la plus grande. Il s\u2019agit d\u2019une force ascendante qui nous donne de l\u2019\u00e9nergie mais une \u00e9nergie \u00e9mo- tionnelle et quelque peu volatile sans vraiment \u00eatre ancr\u00e9e.<\/p>\n\n\n\n<p class=\"has-text-color\" style=\"color:#6f655f\">L\u2019\u00e9nergie de la nouvelle lune peut correspondre \u00e0 la fin de l\u2019expiration lorsque la force de l\u2019apana&nbsp;est la plus grande.&nbsp;Apana&nbsp;est une force qui se d\u00e9place vers le bas qui nous fait ressentir le calme et l\u2019ancrage, mais non dissimul\u00e9e par l\u2019effort physique.<\/p>\n\n\n\n<p class=\"has-text-color\" style=\"color:#6f655f\">Pratiquer l\u2019Ashtanga yoga au fil du temps nous rendrait alors plus \u00e0 l\u2019\u00e9coute et adapt\u00e9\u00b7e\u00b7s aux cycles naturels de la vie. L\u2019observation des cycles lunaires est une fa\u00e7on de reconna\u00eetre et d\u2019honorer les rythmes de la nature afin que nous puissions vivre en harmonie avec elle.<\/p>\n\n\n\n<figure class=\"wp-block-image size-full\"><img loading=\"lazy\" decoding=\"async\" width=\"1688\" height=\"1125\" src=\"http:\/\/ashtangayogaparis.com\/wp-content\/uploads\/2023\/05\/differentes-phases-Lune.jpg.webp\" alt=\"Moon days Mysore\" class=\"wp-image-180\" srcset=\"https:\/\/ashtangayogaparis.com\/wp-content\/uploads\/2023\/05\/differentes-phases-Lune.jpg.webp 1688w, https:\/\/ashtangayogaparis.com\/wp-content\/uploads\/2023\/05\/differentes-phases-Lune.jpg-300x200.webp 300w, https:\/\/ashtangayogaparis.com\/wp-content\/uploads\/2023\/05\/differentes-phases-Lune.jpg-1024x682.webp 1024w, https:\/\/ashtangayogaparis.com\/wp-content\/uploads\/2023\/05\/differentes-phases-Lune.jpg-768x512.webp 768w, https:\/\/ashtangayogaparis.com\/wp-content\/uploads\/2023\/05\/differentes-phases-Lune.jpg-1536x1024.webp 1536w, https:\/\/ashtangayogaparis.com\/wp-content\/uploads\/2023\/05\/differentes-phases-Lune.jpg-1568x1045.webp 1568w\" sizes=\"auto, (max-width: 1688px) 100vw, 1688px\" \/><\/figure>\n\n\n\n<p class=\"has-text-color has-large-font-size\" style=\"color:#bfab72\">Moon days pour l&#8217;ann\u00e9e 2025.<\/p>\n\n\n\n<p class=\"has-text-color\" style=\"color:#6f655f\">\u25cf Nouvelle lune &nbsp;|&nbsp; \u25cb Pleine lune<\/p>\n\n\n\n<p class=\"has-text-color has-link-color wp-elements-f2ca291332ccb6ea46a749aabc3196ae\" style=\"color:#6f655f\"><strong>Janvier<\/strong><br>Nouvelle lune \u25cf : 13<br>Pleine lune \u25cb : 29<\/p>\n\n\n\n<p class=\"has-text-color has-link-color wp-elements-5658a303f831710b8f8cd8291ec6baf7\" style=\"color:#6f655f\"><strong>Fevrier<\/strong><br>Pleine lune \u25cb : 12<br>Nouvelle lune \u25cf : 28<\/p>\n\n\n\n<p class=\"has-text-color has-link-color wp-elements-080c683129e8d43298c2163eeaeac7aa\" style=\"color:#6f655f\"><strong>Mars<\/strong><br>Pleine lune \u25cb : 14<br>Nouvelle lune \u25cf : 29<\/p>\n\n\n\n<p class=\"has-text-color has-link-color wp-elements-cad5d5151fb2d53ff287273a9d033c76\" style=\"color:#6f655f\"><strong>Avril<\/strong><br>Pleine lune \u25cb : 13<br>Nouvelle lune \u25cf : 27<\/p>\n\n\n\n<p class=\"has-text-color has-link-color wp-elements-49029447e1e1655000fa1aea42f5e84d\" style=\"color:#6f655f\"><strong>Mai<\/strong><br>Pleine lune \u25cb : 12<br>Nouvelle lune \u25cf : 27<\/p>\n\n\n\n<p class=\"has-text-color has-link-color wp-elements-0294a5d13b447890ff623e149629e2d1\" style=\"color:#6f655f\"><strong>Juin<\/strong><br>Pleine lune \u25cb : 11<br>Nouvelle lune \u25cf : 25<\/p>\n\n\n\n<p class=\"has-text-color has-link-color wp-elements-8e93b0bcf7ee9fb9365519267e2b1322\" style=\"color:#6f655f\"><strong>Juillet<\/strong><br>Pleine lune \u25cb : 10<br>Nouvelle lune \u25cf : 24<\/p>\n\n\n\n<p class=\"has-text-color has-link-color wp-elements-b44f86cfcb219a48a7b8bad614adbee8\" style=\"color:#6f655f\"><strong>Aout<\/strong><br>Pleine lune \u25cb : 9<br>Nouvelle lune \u25cf : 23<\/p>\n\n\n\n<p class=\"has-text-color has-link-color wp-elements-626d1aae697b31a0668cc4af7a9d15ab\" style=\"color:#6f655f\"><strong>Septembre<\/strong><br>Pleine lune \u25cb : 7<br>Nouvelle lune \u25cf : 21<\/p>\n\n\n\n<p class=\"has-text-color has-link-color wp-elements-23fcd922a56e04140f0bd09eebdce88b\" style=\"color:#6f655f\"><strong>Octobre<\/strong><br>Pleine lune \u25cb : 7<br>Nouvelle lune \u25cf : 21<\/p>\n\n\n\n<p class=\"has-text-color has-link-color wp-elements-d6a7d5262f3d2cc31d8c0741656cbe3e\" style=\"color:#6f655f\"><strong>Novembre<\/strong><br>Pleine lune \u25cb : 5<br>Nouvelle lune \u25cf : 20<\/p>\n\n\n\n<p class=\"has-text-color has-link-color wp-elements-f2a2d4406037d8ab66f2267066b5b353\" style=\"color:#6f655f\"><strong>D\u00e9cembre<\/strong><br>Pleine lune \u25cb : 5<br>Nouvelle lune \u25cf : 20<\/p>\n\n\n\n<p><\/p>\n\n\n\n<p class=\"has-text-color has-link-color wp-elements-a1085b3b61b49dd39bc24fa08534d854\" style=\"color:#bfab72\">Moon days pour l&#8217;ann\u00e9e 2026.<\/p>\n\n\n\n<p class=\"has-text-color has-link-color wp-elements-7d32b56bb5c3f3c63115a51058f5361b\" style=\"color:#6f655f\">\u25cf Nouvelle lune &nbsp;|&nbsp; \u25cb Pleine lune<\/p>\n\n\n\n<p class=\"has-text-color has-link-color wp-elements-6e540fac3e90b8b116a85446a46ec9ba\" style=\"color:#6f655f\"><strong>Janvier<\/strong><br>Pleine lune \u25cb : 3<br>Nouvelle lune \u25cf : 18<\/p>\n\n\n\n<p class=\"has-text-color has-link-color wp-elements-5a7bc362713fbbd550aa49294fa61f31\" style=\"color:#6f655f\"><strong>Fevrier<\/strong><br>Pleine lune \u25cb : 1<br>Nouvelle lune \u25cf : 17<\/p>\n\n\n\n<p class=\"has-text-color has-link-color wp-elements-e717268db2eabc1e6116ad786f3b28a3\" style=\"color:#6f655f\"><strong>Mars<\/strong><br>Pleine lune \u25cb : 3<br>Nouvelle lune \u25cf : 19<\/p>\n\n\n\n<p class=\"has-text-color has-link-color wp-elements-dc95ba16d92b9356257683a64c227bfa\" style=\"color:#6f655f\"><strong>Avril<\/strong><br>Pleine lune \u25cb : 2<br>Nouvelle lune \u25cf : 17<\/p>\n\n\n\n<p class=\"has-text-color has-link-color wp-elements-df098bdc36df724db3ef1fc11b61f089\" style=\"color:#6f655f\"><strong>Mai<\/strong><br>Pleine lune \u25cb : 1 &amp; 31<br>Nouvelle lune \u25cf : 16<\/p>\n\n\n\n<p class=\"has-text-color has-link-color wp-elements-d19d4c5f69c2243872304f689ebdf66a\" style=\"color:#6f655f\"><strong>Juin<\/strong><br>Nouvelle lune \u25cf : 15<br>Pline lune \u25cb : 30<\/p>\n\n\n\n<p class=\"has-text-color has-link-color wp-elements-5c132c1f83832d210dd9a540d6e2e716\" style=\"color:#6f655f\"><strong>Juillet<\/strong><br>Nouvelle lune \u25cf : 14<br>Nouvelle lune \u25cb : 29<\/p>\n\n\n\n<p class=\"has-text-color has-link-color wp-elements-ace949422e9c339cdbec04ce2930a266\" style=\"color:#6f655f\"><strong>Aout<\/strong><br>Nouvelle lune \u25cf : 12<br>Nouvelle lune \u25cb : 28<\/p>\n\n\n\n<p class=\"has-text-color has-link-color wp-elements-f36b6a5edfe5a6b01acafa7f7799f817\" style=\"color:#6f655f\"><strong>Septembre<\/strong><br>Nouvelle lune \u25cf : 11<br>Nouvelle lune \u25cb : 26<\/p>\n\n\n\n<p class=\"has-text-color has-link-color wp-elements-6aeaead36c69a30a3958bfc6004fe939\" style=\"color:#6f655f\"><strong>Octobre<\/strong><br>Nouvelle lune \u25cf : 10<br>Nouvelle lune \u25cb : 26<\/p>\n\n\n\n<p class=\"has-text-color has-link-color wp-elements-e5558d30db32f243379919288f8707b9\" style=\"color:#6f655f\"><strong>Novembre<\/strong><br>Nouvelle lune \u25cf : 9<br>Nouvelle lune \u25cb : 24<\/p>\n\n\n\n<p class=\"has-text-color has-link-color wp-elements-681c5e4dd7a5e2f17a725ae3614b8544\" style=\"color:#6f655f\"><strong>D\u00e9cembre<\/strong><br>Nouvelle lune \u25cf : 9<br>Nouvelle lune \u25cb : 24<\/p>\n\n\n\n<p class=\"has-text-color\" style=\"color:#6f655f\">Livre : <a href=\"https:\/\/ashtangayogaparis.com\/index.php\/livre-ashtanga\/\">Mieux comprendre l&#8217;Ashtanga Yoga<\/a><\/p>\n","protected":false},"excerpt":{"rendered":"<p>Les jours de pleine lune et nouvelle lune sont aussi consid\u00e9r\u00e9s comme des jours de repos. Cela peut para\u00eetre surprenant mais l\u2019explication est relativement simple. Les \u00eatres humains sont constitu\u00e9s d\u2019environ 70 % d\u2019eau, ainsi comme toutes les choses de nature aqueuse, nous sommes affect\u00e9\u00b7e\u00b7s par les phases de la Lune qui sont d\u00e9termin\u00e9es par&hellip; <a class=\"more-link\" href=\"https:\/\/ashtangayogaparis.com\/index.php\/moon-days\/\">Continue reading <span class=\"screen-reader-text\">Moon days Ashtanga<\/span><\/a><\/p>\n","protected":false},"author":1,"featured_media":0,"parent":0,"menu_order":0,"comment_status":"closed","ping_status":"closed","template":"","meta":{"footnotes":""},"class_list":["post-179","page","type-page","status-publish","hentry","entry"],"yoast_head":"<!-- This site is optimized with the Yoast SEO plugin v27.0 - https:\/\/yoast.com\/product\/yoast-seo-wordpress\/ -->\n<title>Moon days Ashtanga - Ashtanga Yoga Paris | Ashtanga Yoga | KPJAYI SYC authorized<\/title>\n<meta name=\"description\" content=\"Moon days Ashtanga. Les jours de pleine lune et nouvelle lune sont aussi consid\u00e9r\u00e9s comme des jours de repos.\" \/>\n<meta name=\"robots\" content=\"index, follow, max-snippet:-1, max-image-preview:large, max-video-preview:-1\" \/>\n<link rel=\"canonical\" href=\"https:\/\/ashtangayogaparis.com\/index.php\/moon-days\/\" \/>\n<meta property=\"og:locale\" content=\"en_US\" \/>\n<meta property=\"og:type\" content=\"article\" \/>\n<meta property=\"og:title\" content=\"Moon days Ashtanga - Ashtanga Yoga Paris | Ashtanga Yoga | KPJAYI SYC authorized\" \/>\n<meta property=\"og:description\" content=\"Moon days Ashtanga. Les jours de pleine lune et nouvelle lune sont aussi consid\u00e9r\u00e9s comme des jours de repos.\" \/>\n<meta property=\"og:url\" content=\"https:\/\/ashtangayogaparis.com\/index.php\/moon-days\/\" \/>\n<meta property=\"og:site_name\" content=\"Ashtanga Yoga Paris | Ashtanga Yoga | KPJAYI SYC authorized\" \/>\n<meta property=\"article:publisher\" content=\"https:\/\/www.facebook.com\/cyril.lagel\/\" \/>\n<meta property=\"article:modified_time\" content=\"2025-06-16T15:56:28+00:00\" \/>\n<meta property=\"og:image\" content=\"http:\/\/ashtangayogaparis.com\/wp-content\/uploads\/2024\/06\/DSC3606.jpg\" \/>\n<meta name=\"twitter:card\" content=\"summary_large_image\" \/>\n<meta name=\"twitter:label1\" content=\"Est. reading time\" \/>\n\t<meta name=\"twitter:data1\" content=\"3 minutes\" \/>\n<script type=\"application\/ld+json\" class=\"yoast-schema-graph\">{\"@context\":\"https:\/\/schema.org\",\"@graph\":[{\"@type\":\"WebPage\",\"@id\":\"https:\/\/ashtangayogaparis.com\/index.php\/moon-days\/\",\"url\":\"https:\/\/ashtangayogaparis.com\/index.php\/moon-days\/\",\"name\":\"Moon days Ashtanga - Ashtanga Yoga Paris | Ashtanga Yoga | KPJAYI SYC authorized\",\"isPartOf\":{\"@id\":\"https:\/\/ashtangayogaparis.com\/#website\"},\"primaryImageOfPage\":{\"@id\":\"https:\/\/ashtangayogaparis.com\/index.php\/moon-days\/#primaryimage\"},\"image\":{\"@id\":\"https:\/\/ashtangayogaparis.com\/index.php\/moon-days\/#primaryimage\"},\"thumbnailUrl\":\"http:\/\/ashtangayogaparis.com\/wp-content\/uploads\/2024\/06\/DSC3606.jpg\",\"datePublished\":\"2023-05-04T13:03:55+00:00\",\"dateModified\":\"2025-06-16T15:56:28+00:00\",\"description\":\"Moon days Ashtanga. Les jours de pleine lune et nouvelle lune sont aussi consid\u00e9r\u00e9s comme des jours de repos.\",\"breadcrumb\":{\"@id\":\"https:\/\/ashtangayogaparis.com\/index.php\/moon-days\/#breadcrumb\"},\"inLanguage\":\"en-US\",\"potentialAction\":[{\"@type\":\"ReadAction\",\"target\":[\"https:\/\/ashtangayogaparis.com\/index.php\/moon-days\/\"]}]},{\"@type\":\"ImageObject\",\"inLanguage\":\"en-US\",\"@id\":\"https:\/\/ashtangayogaparis.com\/index.php\/moon-days\/#primaryimage\",\"url\":\"https:\/\/ashtangayogaparis.com\/wp-content\/uploads\/2024\/06\/DSC3606.jpg\",\"contentUrl\":\"https:\/\/ashtangayogaparis.com\/wp-content\/uploads\/2024\/06\/DSC3606.jpg\",\"width\":667,\"height\":1000},{\"@type\":\"BreadcrumbList\",\"@id\":\"https:\/\/ashtangayogaparis.com\/index.php\/moon-days\/#breadcrumb\",\"itemListElement\":[{\"@type\":\"ListItem\",\"position\":1,\"name\":\"Accueil\",\"item\":\"https:\/\/ashtangayogaparis.com\/\"},{\"@type\":\"ListItem\",\"position\":2,\"name\":\"Moon days Ashtanga\"}]},{\"@type\":\"WebSite\",\"@id\":\"https:\/\/ashtangayogaparis.com\/#website\",\"url\":\"https:\/\/ashtangayogaparis.com\/\",\"name\":\"Ashtanga Yoga Paris | Ashtanga Yoga | KPJAYI SYC authorized\",\"description\":\"Yoga Shala, Ashtanga Yoga  par Cyril Lagel professeur autoris\u00e9 KPJAYI &amp; Tran Bui SYC \",\"publisher\":{\"@id\":\"https:\/\/ashtangayogaparis.com\/#organization\"},\"potentialAction\":[{\"@type\":\"SearchAction\",\"target\":{\"@type\":\"EntryPoint\",\"urlTemplate\":\"https:\/\/ashtangayogaparis.com\/?s={search_term_string}\"},\"query-input\":{\"@type\":\"PropertyValueSpecification\",\"valueRequired\":true,\"valueName\":\"search_term_string\"}}],\"inLanguage\":\"en-US\"},{\"@type\":\"Organization\",\"@id\":\"https:\/\/ashtangayogaparis.com\/#organization\",\"name\":\"Ashtanga Yoga Paris | Ashtanga Yoga | KPJAYI SYC authorized\",\"url\":\"https:\/\/ashtangayogaparis.com\/\",\"logo\":{\"@type\":\"ImageObject\",\"inLanguage\":\"en-US\",\"@id\":\"https:\/\/ashtangayogaparis.com\/#\/schema\/logo\/image\/\",\"url\":\"https:\/\/ashtangayogaparis.com\/wp-content\/uploads\/2025\/06\/cropped-logo-ashtanga-yoga-paris-1.png\",\"contentUrl\":\"https:\/\/ashtangayogaparis.com\/wp-content\/uploads\/2025\/06\/cropped-logo-ashtanga-yoga-paris-1.png\",\"width\":2414,\"height\":1089,\"caption\":\"Ashtanga Yoga Paris | Ashtanga Yoga | KPJAYI SYC authorized\"},\"image\":{\"@id\":\"https:\/\/ashtangayogaparis.com\/#\/schema\/logo\/image\/\"},\"sameAs\":[\"https:\/\/www.facebook.com\/cyril.lagel\/\",\"https:\/\/www.instagram.com\/cyrillagel\"]}]}<\/script>\n<!-- \/ Yoast SEO plugin. -->","yoast_head_json":{"title":"Moon days Ashtanga - Ashtanga Yoga Paris | Ashtanga Yoga | KPJAYI SYC authorized","description":"Moon days Ashtanga. Les jours de pleine lune et nouvelle lune sont aussi consid\u00e9r\u00e9s comme des jours de repos.","robots":{"index":"index","follow":"follow","max-snippet":"max-snippet:-1","max-image-preview":"max-image-preview:large","max-video-preview":"max-video-preview:-1"},"canonical":"https:\/\/ashtangayogaparis.com\/index.php\/moon-days\/","og_locale":"en_US","og_type":"article","og_title":"Moon days Ashtanga - Ashtanga Yoga Paris | Ashtanga Yoga | KPJAYI SYC authorized","og_description":"Moon days Ashtanga. Les jours de pleine lune et nouvelle lune sont aussi consid\u00e9r\u00e9s comme des jours de repos.","og_url":"https:\/\/ashtangayogaparis.com\/index.php\/moon-days\/","og_site_name":"Ashtanga Yoga Paris | Ashtanga Yoga | KPJAYI SYC authorized","article_publisher":"https:\/\/www.facebook.com\/cyril.lagel\/","article_modified_time":"2025-06-16T15:56:28+00:00","og_image":[{"url":"http:\/\/ashtangayogaparis.com\/wp-content\/uploads\/2024\/06\/DSC3606.jpg","type":"","width":"","height":""}],"twitter_card":"summary_large_image","twitter_misc":{"Est. reading time":"3 minutes"},"schema":{"@context":"https:\/\/schema.org","@graph":[{"@type":"WebPage","@id":"https:\/\/ashtangayogaparis.com\/index.php\/moon-days\/","url":"https:\/\/ashtangayogaparis.com\/index.php\/moon-days\/","name":"Moon days Ashtanga - Ashtanga Yoga Paris | Ashtanga Yoga | KPJAYI SYC authorized","isPartOf":{"@id":"https:\/\/ashtangayogaparis.com\/#website"},"primaryImageOfPage":{"@id":"https:\/\/ashtangayogaparis.com\/index.php\/moon-days\/#primaryimage"},"image":{"@id":"https:\/\/ashtangayogaparis.com\/index.php\/moon-days\/#primaryimage"},"thumbnailUrl":"http:\/\/ashtangayogaparis.com\/wp-content\/uploads\/2024\/06\/DSC3606.jpg","datePublished":"2023-05-04T13:03:55+00:00","dateModified":"2025-06-16T15:56:28+00:00","description":"Moon days Ashtanga. Les jours de pleine lune et nouvelle lune sont aussi consid\u00e9r\u00e9s comme des jours de repos.","breadcrumb":{"@id":"https:\/\/ashtangayogaparis.com\/index.php\/moon-days\/#breadcrumb"},"inLanguage":"en-US","potentialAction":[{"@type":"ReadAction","target":["https:\/\/ashtangayogaparis.com\/index.php\/moon-days\/"]}]},{"@type":"ImageObject","inLanguage":"en-US","@id":"https:\/\/ashtangayogaparis.com\/index.php\/moon-days\/#primaryimage","url":"https:\/\/ashtangayogaparis.com\/wp-content\/uploads\/2024\/06\/DSC3606.jpg","contentUrl":"https:\/\/ashtangayogaparis.com\/wp-content\/uploads\/2024\/06\/DSC3606.jpg","width":667,"height":1000},{"@type":"BreadcrumbList","@id":"https:\/\/ashtangayogaparis.com\/index.php\/moon-days\/#breadcrumb","itemListElement":[{"@type":"ListItem","position":1,"name":"Accueil","item":"https:\/\/ashtangayogaparis.com\/"},{"@type":"ListItem","position":2,"name":"Moon days Ashtanga"}]},{"@type":"WebSite","@id":"https:\/\/ashtangayogaparis.com\/#website","url":"https:\/\/ashtangayogaparis.com\/","name":"Ashtanga Yoga Paris | Ashtanga Yoga | KPJAYI SYC authorized","description":"Yoga Shala, Ashtanga Yoga  par Cyril Lagel professeur autoris\u00e9 KPJAYI &amp; Tran Bui SYC ","publisher":{"@id":"https:\/\/ashtangayogaparis.com\/#organization"},"potentialAction":[{"@type":"SearchAction","target":{"@type":"EntryPoint","urlTemplate":"https:\/\/ashtangayogaparis.com\/?s={search_term_string}"},"query-input":{"@type":"PropertyValueSpecification","valueRequired":true,"valueName":"search_term_string"}}],"inLanguage":"en-US"},{"@type":"Organization","@id":"https:\/\/ashtangayogaparis.com\/#organization","name":"Ashtanga Yoga Paris | Ashtanga Yoga | KPJAYI SYC authorized","url":"https:\/\/ashtangayogaparis.com\/","logo":{"@type":"ImageObject","inLanguage":"en-US","@id":"https:\/\/ashtangayogaparis.com\/#\/schema\/logo\/image\/","url":"https:\/\/ashtangayogaparis.com\/wp-content\/uploads\/2025\/06\/cropped-logo-ashtanga-yoga-paris-1.png","contentUrl":"https:\/\/ashtangayogaparis.com\/wp-content\/uploads\/2025\/06\/cropped-logo-ashtanga-yoga-paris-1.png","width":2414,"height":1089,"caption":"Ashtanga Yoga Paris | Ashtanga Yoga | KPJAYI SYC authorized"},"image":{"@id":"https:\/\/ashtangayogaparis.com\/#\/schema\/logo\/image\/"},"sameAs":["https:\/\/www.facebook.com\/cyril.lagel\/","https:\/\/www.instagram.com\/cyrillagel"]}]}},"_links":{"self":[{"href":"https:\/\/ashtangayogaparis.com\/index.php\/wp-json\/wp\/v2\/pages\/179","targetHints":{"allow":["GET"]}}],"collection":[{"href":"https:\/\/ashtangayogaparis.com\/index.php\/wp-json\/wp\/v2\/pages"}],"about":[{"href":"https:\/\/ashtangayogaparis.com\/index.php\/wp-json\/wp\/v2\/types\/page"}],"author":[{"embeddable":true,"href":"https:\/\/ashtangayogaparis.com\/index.php\/wp-json\/wp\/v2\/users\/1"}],"replies":[{"embeddable":true,"href":"https:\/\/ashtangayogaparis.com\/index.php\/wp-json\/wp\/v2\/comments?post=179"}],"version-history":[{"count":2,"href":"https:\/\/ashtangayogaparis.com\/index.php\/wp-json\/wp\/v2\/pages\/179\/revisions"}],"predecessor-version":[{"id":1133,"href":"https:\/\/ashtangayogaparis.com\/index.php\/wp-json\/wp\/v2\/pages\/179\/revisions\/1133"}],"wp:attachment":[{"href":"https:\/\/ashtangayogaparis.com\/index.php\/wp-json\/wp\/v2\/media?parent=179"}],"curies":[{"name":"wp","href":"https:\/\/api.w.org\/{rel}","templated":true}]}}