{"id":87,"date":"2021-11-30T17:46:20","date_gmt":"2021-11-30T16:46:20","guid":{"rendered":"http:\/\/mysorestyleparis.com\/?page_id=87"},"modified":"2025-06-16T17:02:30","modified_gmt":"2025-06-16T15:02:30","slug":"cours-ashtanga-paris","status":"publish","type":"page","link":"https:\/\/ashtangayogaparis.com\/index.php\/cours-ashtanga-paris\/","title":{"rendered":"Cours dirig\u00e9s"},"content":{"rendered":"\n<div class=\"wp-block-cover alignfull is-light\" style=\"padding-top:4vw;padding-right:4vw;padding-bottom:4vw;padding-left:4vw;min-height:66vh;aspect-ratio:unset;\"><img loading=\"lazy\" decoding=\"async\" width=\"667\" height=\"1000\" class=\"wp-block-cover__image-background wp-image-621 size-full\" alt=\"Cours dirig\u00e9s ashtanga Paris\" src=\"http:\/\/ashtangayogaparis.com\/wp-content\/uploads\/2024\/06\/DSC0545.jpg\" data-object-fit=\"cover\" srcset=\"https:\/\/ashtangayogaparis.com\/wp-content\/uploads\/2024\/06\/DSC0545.jpg 667w, https:\/\/ashtangayogaparis.com\/wp-content\/uploads\/2024\/06\/DSC0545-200x300.jpg 200w\" sizes=\"auto, (max-width: 667px) 100vw, 667px\" \/><span aria-hidden=\"true\" class=\"wp-block-cover__background has-black-background-color has-background-dim-10 has-background-dim\"><\/span><div class=\"wp-block-cover__inner-container is-layout-flow wp-block-cover-is-layout-flow\">\n<p class=\"has-text-align-center has-large-font-size\"><\/p>\n<\/div><\/div>\n\n\n\n<p class=\"has-text-color\" style=\"color:#6f655f\"><strong>Les cours dirig\u00e9s sont l\u2019occasion de pratiquer l\u2019Ashtanga Yoga dans un cadre collectif, structur\u00e9 et soutenant.<br>Vous \u00eates guid\u00e9\u00b7e posture par posture, selon le comptage traditionnel du vinyasa, pour m\u00e9moriser l\u2019encha\u00eenement et approfondir votre souffle.<\/strong><\/p>\n\n\n\n<p class=\"has-text-color\" style=\"color:#6f655f\">Id\u00e9al pour d\u00e9buter, int\u00e9grer les bases ou renforcer votre pratique.<\/p>\n\n\n\n<p class=\"has-text-color\" style=\"color:#bfab72\">Horaire r\u00e9gulier Pr\u00e9sentiel :<\/p>\n\n\n\n<p class=\"has-text-color\" style=\"color:#6f655f\"><a href=\"https:\/\/www.cyrillagelyoga.com\" target=\"_blank\" rel=\"noreferrer noopener\">Cyril Lagel<\/a> :<\/p>\n\n\n\n<p class=\"has-text-color has-link-color wp-elements-98b96b5c74b8b8e87cd39a6ee66d5f7c\" style=\"color:#6f655f\"><strong>Lundi 20H \u00e0 21H30<\/strong> Ashtanga Niveau 2 (1h30) @Be Yoga Paris<\/p>\n\n\n\n<p class=\"has-text-color has-link-color wp-elements-12eb0e37e2a39a908009ee8a0844b485\" style=\"color:#6f655f\"><strong>Mardi 12H30 <strong>\u00e0<\/strong> 13H30<\/strong> Active<a href=\"https:\/\/www.cyrillagelyoga.com\/active-series-ashtanga\"> <\/a>Series Ashtanga (1h) @Be Yoga Paris<\/p>\n\n\n\n<p class=\"has-text-color has-link-color wp-elements-71710b7a862869cfc85f738a5628650e\" style=\"color:#6f655f\"><strong><strong>Mardi<\/strong> 18H45 <strong>\u00e0<\/strong> 20H<\/strong> Ashtanga Niveau 1\/2 (1h15) @Rasa Yoga Paris<\/p>\n\n\n\n<p class=\"has-text-color has-link-color wp-elements-71f3a6e54b768fe3244738720dd047d5\" style=\"color:#6f655f\"><strong>Mercredi 19H30 <strong>\u00e0<\/strong> 20H45<\/strong> Ashtanga Niveau 1\/2 (1h15) @Healthy Warrior Yoga Boulogne<\/p>\n\n\n\n<p class=\"has-text-color has-link-color wp-elements-cb8f213b853b8cadec5f780575d06593\" style=\"color:#6f655f\"><strong>Jeudi 20H <strong>\u00e0<\/strong> 21H30<\/strong> Ashtanga Niveau 1\/2 (1h30) @Be Yoga Paris<\/p>\n\n\n\n<p class=\"has-text-color has-link-color wp-elements-aea7cd32c10ef3165ce0e07364f7114a\" style=\"color:#6f655f\"><strong>Vendredi 9H <strong>\u00e0<\/strong> 10H<\/strong> Active Series Ashtanga (1h) @Rasa Yoga Paris<\/p>\n\n\n\n<p class=\"has-text-color has-link-color wp-elements-2c13c700fb7ce5602e18db8c64196fdd\" style=\"color:#6f655f\"><strong>Samedi 9H30 <strong>\u00e0<\/strong> 11H<\/strong> Ashtanga Niveaux 1\/2 (1h30) @Yoga Garden Paris<\/p>\n\n\n\n<p class=\"has-text-color has-link-color wp-elements-bf44c62328bb57e128bc079e04b10e11\" style=\"color:#6f655f\"><strong><strong>Samedi<\/strong> 11H45 <strong>\u00e0<\/strong> 13H15<\/strong> Ashtanga Niveaux 1\/2 (1h30) @Rasa Yoga Paris<\/p>\n\n\n\n<div class=\"wp-block-buttons is-layout-flex wp-block-buttons-is-layout-flex\">\n<div class=\"wp-block-button\"><a class=\"wp-block-button__link wp-element-button\" href=\"https:\/\/www.cyrillagelyoga.com\/cours\" target=\"_blank\" rel=\"noreferrer noopener\">INSCRIPTION<\/a><\/div>\n<\/div>\n\n\n\n<p class=\"has-text-color has-link-color wp-elements-d4c97e126a9051dc4f39fa17c0a6040e\" style=\"color:#6f655f\"><a href=\"https:\/\/www.tranbuiyoga.com\" target=\"_blank\" rel=\"noreferrer noopener\">Tran Bui<\/a> : <\/p>\n\n\n\n<p class=\"has-text-color has-link-color wp-elements-ec39f41ee704ec908c27abc880f6c70d\" style=\"color:#6f655f\"><strong>Jeudi 12H30 <strong>\u00e0<\/strong> 13H30<\/strong> Ashtanga Tous Niveaux (1h) @Be Yoga Paris<\/p>\n\n\n\n<div class=\"wp-block-buttons is-layout-flex wp-block-buttons-is-layout-flex\">\n<div class=\"wp-block-button\"><a class=\"wp-block-button__link wp-element-button\" href=\"https:\/\/www.tranbuiyoga.com\/planning\" target=\"_blank\" rel=\"noreferrer noopener\">INSCRIPTION<\/a><\/div>\n<\/div>\n\n\n\n<p class=\"has-text-color has-link-color wp-elements-f31f946124cdde922f628cbdba23f429\" style=\"color:#bfab72\">Horaire r\u00e9gulier Online :<\/p>\n\n\n\n<p class=\"has-text-color has-link-color wp-elements-33e275dd4d708b7191bd5e349fa663fa\" style=\"color:#6f655f\"><a href=\"https:\/\/www.cyrillagelyoga.com\" target=\"_blank\" rel=\"noreferrer noopener\">Cyril Lagel<\/a> :<\/p>\n\n\n\n<p class=\"has-text-color has-link-color wp-elements-5977eddbb6cec7040808c559a56096a9\" style=\"color:#6f655f\"><strong>Vendredi 12H30 \u00e0 13H30<\/strong> Online Active Series Ashtanga Tous Niveaux (1h) @cyrillagel<\/p>\n\n\n\n<p class=\"has-text-color has-link-color wp-elements-5b97543452314594f18399a2a2ef7ea5\" style=\"color:#6f655f\"><strong>Dimanche 10H \u00e0 11H<\/strong> Online Ashtanga Tous Niveaux (1h) @cyrillagel<\/p>\n\n\n\n<div class=\"wp-block-buttons is-layout-flex wp-block-buttons-is-layout-flex\">\n<div class=\"wp-block-button\"><a class=\"wp-block-button__link wp-element-button\" href=\"https:\/\/www.cyrillagelyoga.com\/cours\" target=\"_blank\" rel=\"noreferrer noopener\">INSCRIPTION<\/a><\/div>\n<\/div>\n\n\n\n<figure class=\"wp-block-image size-large\"><img loading=\"lazy\" decoding=\"async\" width=\"1024\" height=\"739\" src=\"http:\/\/mysorestyleparis.com\/wp-content\/uploads\/2021\/11\/shri-k-pattabhi-jois-mysore-1-1024x739.jpg\" alt=\"Cours dirig\u00e9s ashtanga yoga Paris\" class=\"wp-image-100\" srcset=\"https:\/\/ashtangayogaparis.com\/wp-content\/uploads\/2021\/11\/shri-k-pattabhi-jois-mysore-1-1024x739.jpg 1024w, https:\/\/ashtangayogaparis.com\/wp-content\/uploads\/2021\/11\/shri-k-pattabhi-jois-mysore-1-300x216.jpg 300w, https:\/\/ashtangayogaparis.com\/wp-content\/uploads\/2021\/11\/shri-k-pattabhi-jois-mysore-1-768x554.jpg 768w, https:\/\/ashtangayogaparis.com\/wp-content\/uploads\/2021\/11\/shri-k-pattabhi-jois-mysore-1.jpg 1500w\" sizes=\"auto, (max-width: 1024px) 100vw, 1024px\" \/><\/figure>\n\n\n\n<p class=\"has-text-color\" style=\"color:#6f655f\"><a href=\"https:\/\/ashtangayogaparis.com\/index.php\/mysore-infos\/\">Cours Mysore Style<\/a><\/p>\n","protected":false},"excerpt":{"rendered":"<p>Les cours dirig\u00e9s sont l\u2019occasion de pratiquer l\u2019Ashtanga Yoga dans un cadre collectif, structur\u00e9 et soutenant.Vous \u00eates guid\u00e9\u00b7e posture par posture, selon le comptage traditionnel du vinyasa, pour m\u00e9moriser l\u2019encha\u00eenement et approfondir votre souffle. Id\u00e9al pour d\u00e9buter, int\u00e9grer les bases ou renforcer votre pratique. Horaire r\u00e9gulier Pr\u00e9sentiel : Cyril Lagel : Lundi 20H \u00e0 21H30&hellip; <a class=\"more-link\" href=\"https:\/\/ashtangayogaparis.com\/index.php\/cours-ashtanga-paris\/\">Continue reading <span class=\"screen-reader-text\">Cours dirig\u00e9s<\/span><\/a><\/p>\n","protected":false},"author":1,"featured_media":0,"parent":0,"menu_order":0,"comment_status":"closed","ping_status":"closed","template":"","meta":{"footnotes":""},"class_list":["post-87","page","type-page","status-publish","hentry","entry"],"yoast_head":"<!-- This site is optimized with the Yoast SEO plugin v27.0 - https:\/\/yoast.com\/product\/yoast-seo-wordpress\/ -->\n<title>Cours dirig\u00e9s - Ashtanga Yoga Paris | Ashtanga Yoga | KPJAYI SYC authorized<\/title>\n<meta name=\"description\" content=\"Horaires des cours dirig\u00e9s pr\u00e9sentiels et Online d&#039;Ashtanga yoga \u00e0 Paris du lundi au samedi par Cyril Lagel et Tran Bui\" \/>\n<meta name=\"robots\" content=\"index, follow, max-snippet:-1, max-image-preview:large, max-video-preview:-1\" \/>\n<link rel=\"canonical\" href=\"https:\/\/ashtangayogaparis.com\/index.php\/cours-ashtanga-paris\/\" \/>\n<meta property=\"og:locale\" content=\"en_US\" \/>\n<meta property=\"og:type\" content=\"article\" \/>\n<meta property=\"og:title\" content=\"Cours dirig\u00e9s - Ashtanga Yoga Paris | Ashtanga Yoga | KPJAYI SYC authorized\" \/>\n<meta property=\"og:description\" content=\"Horaires des cours dirig\u00e9s pr\u00e9sentiels et Online d&#039;Ashtanga yoga \u00e0 Paris du lundi au samedi par Cyril Lagel et Tran Bui\" \/>\n<meta property=\"og:url\" content=\"https:\/\/ashtangayogaparis.com\/index.php\/cours-ashtanga-paris\/\" \/>\n<meta property=\"og:site_name\" content=\"Ashtanga Yoga Paris | Ashtanga Yoga | KPJAYI SYC authorized\" \/>\n<meta property=\"article:publisher\" content=\"https:\/\/www.facebook.com\/cyril.lagel\/\" \/>\n<meta property=\"article:modified_time\" content=\"2025-06-16T15:02:30+00:00\" \/>\n<meta property=\"og:image\" content=\"http:\/\/ashtangayogaparis.com\/wp-content\/uploads\/2024\/06\/DSC0545.jpg\" \/>\n<meta name=\"twitter:card\" content=\"summary_large_image\" \/>\n<meta name=\"twitter:label1\" content=\"Est. reading time\" \/>\n\t<meta name=\"twitter:data1\" content=\"2 minutes\" \/>\n<script type=\"application\/ld+json\" class=\"yoast-schema-graph\">{\"@context\":\"https:\/\/schema.org\",\"@graph\":[{\"@type\":\"WebPage\",\"@id\":\"https:\/\/ashtangayogaparis.com\/index.php\/cours-ashtanga-paris\/\",\"url\":\"https:\/\/ashtangayogaparis.com\/index.php\/cours-ashtanga-paris\/\",\"name\":\"Cours dirig\u00e9s - Ashtanga Yoga Paris | Ashtanga Yoga | KPJAYI SYC authorized\",\"isPartOf\":{\"@id\":\"https:\/\/ashtangayogaparis.com\/#website\"},\"primaryImageOfPage\":{\"@id\":\"https:\/\/ashtangayogaparis.com\/index.php\/cours-ashtanga-paris\/#primaryimage\"},\"image\":{\"@id\":\"https:\/\/ashtangayogaparis.com\/index.php\/cours-ashtanga-paris\/#primaryimage\"},\"thumbnailUrl\":\"http:\/\/ashtangayogaparis.com\/wp-content\/uploads\/2024\/06\/DSC0545.jpg\",\"datePublished\":\"2021-11-30T16:46:20+00:00\",\"dateModified\":\"2025-06-16T15:02:30+00:00\",\"description\":\"Horaires des cours dirig\u00e9s pr\u00e9sentiels et Online d'Ashtanga yoga \u00e0 Paris du lundi au samedi par Cyril Lagel et Tran Bui\",\"breadcrumb\":{\"@id\":\"https:\/\/ashtangayogaparis.com\/index.php\/cours-ashtanga-paris\/#breadcrumb\"},\"inLanguage\":\"en-US\",\"potentialAction\":[{\"@type\":\"ReadAction\",\"target\":[\"https:\/\/ashtangayogaparis.com\/index.php\/cours-ashtanga-paris\/\"]}]},{\"@type\":\"ImageObject\",\"inLanguage\":\"en-US\",\"@id\":\"https:\/\/ashtangayogaparis.com\/index.php\/cours-ashtanga-paris\/#primaryimage\",\"url\":\"https:\/\/ashtangayogaparis.com\/wp-content\/uploads\/2024\/06\/DSC0545.jpg\",\"contentUrl\":\"https:\/\/ashtangayogaparis.com\/wp-content\/uploads\/2024\/06\/DSC0545.jpg\",\"width\":667,\"height\":1000},{\"@type\":\"BreadcrumbList\",\"@id\":\"https:\/\/ashtangayogaparis.com\/index.php\/cours-ashtanga-paris\/#breadcrumb\",\"itemListElement\":[{\"@type\":\"ListItem\",\"position\":1,\"name\":\"Accueil\",\"item\":\"https:\/\/ashtangayogaparis.com\/\"},{\"@type\":\"ListItem\",\"position\":2,\"name\":\"Cours dirig\u00e9s\"}]},{\"@type\":\"WebSite\",\"@id\":\"https:\/\/ashtangayogaparis.com\/#website\",\"url\":\"https:\/\/ashtangayogaparis.com\/\",\"name\":\"Ashtanga Yoga Paris | Ashtanga Yoga | KPJAYI SYC authorized\",\"description\":\"Yoga Shala, Ashtanga Yoga  par Cyril Lagel professeur autoris\u00e9 KPJAYI &amp; Tran Bui SYC \",\"publisher\":{\"@id\":\"https:\/\/ashtangayogaparis.com\/#organization\"},\"potentialAction\":[{\"@type\":\"SearchAction\",\"target\":{\"@type\":\"EntryPoint\",\"urlTemplate\":\"https:\/\/ashtangayogaparis.com\/?s={search_term_string}\"},\"query-input\":{\"@type\":\"PropertyValueSpecification\",\"valueRequired\":true,\"valueName\":\"search_term_string\"}}],\"inLanguage\":\"en-US\"},{\"@type\":\"Organization\",\"@id\":\"https:\/\/ashtangayogaparis.com\/#organization\",\"name\":\"Ashtanga Yoga Paris | Ashtanga Yoga | KPJAYI SYC authorized\",\"url\":\"https:\/\/ashtangayogaparis.com\/\",\"logo\":{\"@type\":\"ImageObject\",\"inLanguage\":\"en-US\",\"@id\":\"https:\/\/ashtangayogaparis.com\/#\/schema\/logo\/image\/\",\"url\":\"https:\/\/ashtangayogaparis.com\/wp-content\/uploads\/2025\/06\/cropped-logo-ashtanga-yoga-paris-1.png\",\"contentUrl\":\"https:\/\/ashtangayogaparis.com\/wp-content\/uploads\/2025\/06\/cropped-logo-ashtanga-yoga-paris-1.png\",\"width\":2414,\"height\":1089,\"caption\":\"Ashtanga Yoga Paris | Ashtanga Yoga | KPJAYI SYC authorized\"},\"image\":{\"@id\":\"https:\/\/ashtangayogaparis.com\/#\/schema\/logo\/image\/\"},\"sameAs\":[\"https:\/\/www.facebook.com\/cyril.lagel\/\",\"https:\/\/www.instagram.com\/cyrillagel\"]}]}<\/script>\n<!-- \/ Yoast SEO plugin. -->","yoast_head_json":{"title":"Cours dirig\u00e9s - Ashtanga Yoga Paris | Ashtanga Yoga | KPJAYI SYC authorized","description":"Horaires des cours dirig\u00e9s pr\u00e9sentiels et Online d'Ashtanga yoga \u00e0 Paris du lundi au samedi par Cyril Lagel et Tran Bui","robots":{"index":"index","follow":"follow","max-snippet":"max-snippet:-1","max-image-preview":"max-image-preview:large","max-video-preview":"max-video-preview:-1"},"canonical":"https:\/\/ashtangayogaparis.com\/index.php\/cours-ashtanga-paris\/","og_locale":"en_US","og_type":"article","og_title":"Cours dirig\u00e9s - Ashtanga Yoga Paris | Ashtanga Yoga | KPJAYI SYC authorized","og_description":"Horaires des cours dirig\u00e9s pr\u00e9sentiels et Online d'Ashtanga yoga \u00e0 Paris du lundi au samedi par Cyril Lagel et Tran Bui","og_url":"https:\/\/ashtangayogaparis.com\/index.php\/cours-ashtanga-paris\/","og_site_name":"Ashtanga Yoga Paris | Ashtanga Yoga | KPJAYI SYC authorized","article_publisher":"https:\/\/www.facebook.com\/cyril.lagel\/","article_modified_time":"2025-06-16T15:02:30+00:00","og_image":[{"url":"http:\/\/ashtangayogaparis.com\/wp-content\/uploads\/2024\/06\/DSC0545.jpg","type":"","width":"","height":""}],"twitter_card":"summary_large_image","twitter_misc":{"Est. reading time":"2 minutes"},"schema":{"@context":"https:\/\/schema.org","@graph":[{"@type":"WebPage","@id":"https:\/\/ashtangayogaparis.com\/index.php\/cours-ashtanga-paris\/","url":"https:\/\/ashtangayogaparis.com\/index.php\/cours-ashtanga-paris\/","name":"Cours dirig\u00e9s - Ashtanga Yoga Paris | Ashtanga Yoga | KPJAYI SYC authorized","isPartOf":{"@id":"https:\/\/ashtangayogaparis.com\/#website"},"primaryImageOfPage":{"@id":"https:\/\/ashtangayogaparis.com\/index.php\/cours-ashtanga-paris\/#primaryimage"},"image":{"@id":"https:\/\/ashtangayogaparis.com\/index.php\/cours-ashtanga-paris\/#primaryimage"},"thumbnailUrl":"http:\/\/ashtangayogaparis.com\/wp-content\/uploads\/2024\/06\/DSC0545.jpg","datePublished":"2021-11-30T16:46:20+00:00","dateModified":"2025-06-16T15:02:30+00:00","description":"Horaires des cours dirig\u00e9s pr\u00e9sentiels et Online d'Ashtanga yoga \u00e0 Paris du lundi au samedi par Cyril Lagel et Tran Bui","breadcrumb":{"@id":"https:\/\/ashtangayogaparis.com\/index.php\/cours-ashtanga-paris\/#breadcrumb"},"inLanguage":"en-US","potentialAction":[{"@type":"ReadAction","target":["https:\/\/ashtangayogaparis.com\/index.php\/cours-ashtanga-paris\/"]}]},{"@type":"ImageObject","inLanguage":"en-US","@id":"https:\/\/ashtangayogaparis.com\/index.php\/cours-ashtanga-paris\/#primaryimage","url":"https:\/\/ashtangayogaparis.com\/wp-content\/uploads\/2024\/06\/DSC0545.jpg","contentUrl":"https:\/\/ashtangayogaparis.com\/wp-content\/uploads\/2024\/06\/DSC0545.jpg","width":667,"height":1000},{"@type":"BreadcrumbList","@id":"https:\/\/ashtangayogaparis.com\/index.php\/cours-ashtanga-paris\/#breadcrumb","itemListElement":[{"@type":"ListItem","position":1,"name":"Accueil","item":"https:\/\/ashtangayogaparis.com\/"},{"@type":"ListItem","position":2,"name":"Cours dirig\u00e9s"}]},{"@type":"WebSite","@id":"https:\/\/ashtangayogaparis.com\/#website","url":"https:\/\/ashtangayogaparis.com\/","name":"Ashtanga Yoga Paris | Ashtanga Yoga | KPJAYI SYC authorized","description":"Yoga Shala, Ashtanga Yoga  par Cyril Lagel professeur autoris\u00e9 KPJAYI &amp; Tran Bui SYC ","publisher":{"@id":"https:\/\/ashtangayogaparis.com\/#organization"},"potentialAction":[{"@type":"SearchAction","target":{"@type":"EntryPoint","urlTemplate":"https:\/\/ashtangayogaparis.com\/?s={search_term_string}"},"query-input":{"@type":"PropertyValueSpecification","valueRequired":true,"valueName":"search_term_string"}}],"inLanguage":"en-US"},{"@type":"Organization","@id":"https:\/\/ashtangayogaparis.com\/#organization","name":"Ashtanga Yoga Paris | Ashtanga Yoga | KPJAYI SYC authorized","url":"https:\/\/ashtangayogaparis.com\/","logo":{"@type":"ImageObject","inLanguage":"en-US","@id":"https:\/\/ashtangayogaparis.com\/#\/schema\/logo\/image\/","url":"https:\/\/ashtangayogaparis.com\/wp-content\/uploads\/2025\/06\/cropped-logo-ashtanga-yoga-paris-1.png","contentUrl":"https:\/\/ashtangayogaparis.com\/wp-content\/uploads\/2025\/06\/cropped-logo-ashtanga-yoga-paris-1.png","width":2414,"height":1089,"caption":"Ashtanga Yoga Paris | Ashtanga Yoga | KPJAYI SYC authorized"},"image":{"@id":"https:\/\/ashtangayogaparis.com\/#\/schema\/logo\/image\/"},"sameAs":["https:\/\/www.facebook.com\/cyril.lagel\/","https:\/\/www.instagram.com\/cyrillagel"]}]}},"_links":{"self":[{"href":"https:\/\/ashtangayogaparis.com\/index.php\/wp-json\/wp\/v2\/pages\/87","targetHints":{"allow":["GET"]}}],"collection":[{"href":"https:\/\/ashtangayogaparis.com\/index.php\/wp-json\/wp\/v2\/pages"}],"about":[{"href":"https:\/\/ashtangayogaparis.com\/index.php\/wp-json\/wp\/v2\/types\/page"}],"author":[{"embeddable":true,"href":"https:\/\/ashtangayogaparis.com\/index.php\/wp-json\/wp\/v2\/users\/1"}],"replies":[{"embeddable":true,"href":"https:\/\/ashtangayogaparis.com\/index.php\/wp-json\/wp\/v2\/comments?post=87"}],"version-history":[{"count":15,"href":"https:\/\/ashtangayogaparis.com\/index.php\/wp-json\/wp\/v2\/pages\/87\/revisions"}],"predecessor-version":[{"id":1127,"href":"https:\/\/ashtangayogaparis.com\/index.php\/wp-json\/wp\/v2\/pages\/87\/revisions\/1127"}],"wp:attachment":[{"href":"https:\/\/ashtangayogaparis.com\/index.php\/wp-json\/wp\/v2\/media?parent=87"}],"curies":[{"name":"wp","href":"https:\/\/api.w.org\/{rel}","templated":true}]}}